338?
494
What is the highest common factor of 6974 and 275?
11
What is the highest common factor of 492 and 105411?
123
What is the greatest common factor of 115 and 1115891?
23
What is the highest common factor of 218643 and 651?
93
What is the highest common factor of 3385603 and 1355?
271
Calculate the greatest common divisor of 464 and 2726.
58
Calculate the highest common factor of 27493 and 19.
19
What is the greatest common divisor of 7196 and 9766?
514
What is the highest common divisor of 1881893 and 494?
247
What is the highest common factor of 365149 and 31?
31
Calculate the greatest common divisor of 23254 and 22253.
77
What is the greatest common divisor of 1612156 and 196?
28
Calculate the highest common divisor of 1 and 1916.
1
Calculate the highest common divisor of 571 and 7.
1
Calculate the greatest common factor of 1104 and 327696.
48
What is the greatest common factor of 158850 and 1650?
150
Calculate the greatest common factor of 914568 and 424.
424
Calculate the highest common divisor of 260 and 5421.
13
Calculate the highest common factor of 240 and 5232.
48
Calculate the highest common factor of 111 and 11433.
111
Calculate the highest common factor of 315 and 251595.
45
What is the greatest common factor of 289 and 116671?
17
Calculate the greatest common divisor of 371 and 11613.
7
Calculate the greatest common factor of 48336 and 6726.
114
Calculate the greatest common divisor of 16 and 16740.
4
What is the greatest common factor of 836 and 178?
2
Calculate the greatest common divisor of 13762 and 1840176.
1966
Calculate the highest common factor of 1640 and 69290.
410
Calculate the highest common factor of 2528 and 24490.
158
Calculate the greatest common factor of 747 and 7173.
9
Calculate the greatest common divisor of 156 and 3219567.
39
What is the highest common divisor of 46767 and 5109?
393
Calculate the highest common divisor of 9163 and 21505.
187
Calculate the greatest common factor of 32 and 32256.
32
What is the greatest common divisor of 182 and 12082?
14
Calculate the greatest common factor of 7602 and 42126.
42
Calculate the greatest common factor of 225 and 429525.
225
Calculate the highest common factor of 70516 and 10.
2
What is the greatest common factor of 11562 and 164?
82
What is the greatest common divisor of 1169 and 880591?
167
Calculate the highest common factor of 156923 and 26.
13
What is the highest common divisor of 864 and 5328?
144
What is the highest common factor of 1178078 and 11?
11
Calculate the highest common divisor of 155916 and 3.
3
What is the highest common divisor of 300 and 3615?
15
What is the greatest common factor of 76 and 168?
4
Calculate the greatest common factor of 4351 and 4122.
229
What is the highest common divisor of 14139 and 72?
9
Calculate the greatest common divisor of 95293 and 33.
11
What is the highest common factor of 166801 and 171?
19
What is the highest common factor of 238 and 23120?
34
Calculate the highest common divisor of 216992 and 416.
32
What is the greatest common factor of 644609 and 497?
497
What is the greatest common factor of 750 and 2937000?
750
Calculate the greatest common factor of 48 and 85776.
48
What is the greatest common divisor of 923 and 4719?
13
Calculate the greatest common factor of 1769892 and 1743.
249
Calculate the greatest common factor of 12050 and 20.
10
Calculate the greatest common factor of 731000 and 136.
136
What is the highest common factor of 22632 and 16008?
552
What is the greatest common divisor of 48 and 349512?
24
What is the highest common factor of 1410320 and 5490?
610
Calculate the greatest common factor of 14550 and 675.
75
What is the highest common divisor of 1736 and 806?
62
Calculate the greatest common divisor of 18704 and 39312.
112
What is the greatest common factor of 395 and 3765?
5
What is the greatest common divisor of 5 and 39895?
5
What is the highest common factor of 1408 and 23012?
44
Calculate the highest common divisor of 531 and 174690.
9
What is the greatest common divisor of 742 and 901?
53
Calculate the greatest common divisor of 22378 and 6901.
67
Calculate the highest common factor of 35 and 279986.
7
Calculate the highest common divisor of 3751 and 10292.
31
Calculate the highest common factor of 1431 and 709617.
159
What is the greatest common factor of 10108 and 2716?
28
Calculate the greatest common factor of 60114 and 30874.
86
Calculate the highest common factor of 34 and 10474.
2
Calculate the greatest common divisor of 11309 and 37.
1
What is the highest common divisor of 176 and 5104?
176
What is the greatest common factor of 104643 and 6930?
693
Calculate the highest common factor of 361 and 955567.
361
Calculate the highest common factor of 14581 and 203.
7
Calculate the greatest common divisor of 49538 and 248.
62
What is the highest common factor of 413 and 31152?
59
What is the highest common divisor of 1655 and 32107?
331
Calculate the highest common factor of 3068880 and 480.
240
Calculate the highest common factor of 20 and 538820.
20
Calculate the greatest common divisor of 118267 and 5731.
521
What is the highest common divisor of 930501 and 99?
99
What is the highest common divisor of 465 and 82863?
93
What is the greatest common divisor of 426 and 13064?
142
What is the greatest common factor of 276 and 17296?
92
Calculate the highest common divisor of 520 and 152750.
130
Calculate the highest common divisor of 359785 and 705.
235
What is the greatest common divisor of 530 and 14395?
5
Calculate the highest common factor of 42 and 190764.
42
Calculate the greatest common divisor of 30 and 45.
15
Calculate the highest common divisor of 1318266 and 72.
18
What is the highest common divisor of 17680 and 408?
136
What is the greatest common divisor of 480 and 5592?
24
Calculate the highest common divisor of 370319 and 2188.
547
What is the greatest common divisor of 12 and 308?
4
What is the highest common factor of 620 and 1480?
20
Calculate the highest common factor of 2 and 51314.
2
Calculate the highest common divisor of 21373 and 10527.
319
Calculate the greatest common factor of 267383 and 141.
47
Calculate the greatest common factor of 213 and 508147.
71
Calculate the greatest common divisor of 12198174 and 606.
606
Calculate the highest common factor of 1216 and 105089.
19
Calculate the highest common divisor of 17940 and 19205.
115
Calculate the highest common factor of 10 and 1100.
10
Calculate the greatest common factor of 48 and 298400.
16
What is the highest common divisor of 278528 and 17?
17
What is the highest common factor of 720 and 987930?
90
What is the highest common factor of 1276 and 33836?
44
Calculate the highest common divisor of 8 and 17313368.
8
What is the highest common factor of 2014631 and 1556?
389
Calculate the highest common divisor of 17888 and 676.
52
What is the highest common factor of 218560 and 640?
320
Calculate the highest common divisor of 1221 and 14399.
11
Calculate the highest common divisor of 285 and 11343.
57
Calculate the highest common factor of 1551396 and 154.
154
What is the highest common divisor of 663471 and 12?
3
What is the greatest common divisor of 63 and 12117?
21
Calculate the highest common divisor of 7261 and 1643.
53
Calculate the highest common divisor of 203 and 43007.
29
Calculate the highest common divisor of 147407 and 29.
29
Calculate the highest common divisor of 1935 and 372380.
215
What is the greatest common factor of 39 and 4857463?
13
What is the greatest common divisor of 3524 and 124?
4
What is the highest common factor of 5711490 and 765?
765
What is the greatest common factor of 16 and 71256?
8
Calculate the highest common divisor of 297 and 7074.
27
Calculate the highest common factor of 3684310 and 1095.
365
Calculate the greatest common divisor of 1100 and 500.
100
What is the greatest common factor of 3170 and 1215?
5
Calculate the highest common divisor of 7024 and 112.
16
What is the highest common divisor of 7968 and 6912?
96
What is the highest common divisor of 1106 and 434?
14
Calculate the greatest common factor of 81 and 9550791.
81
What is the highest common divisor of 95 and 112195?
95
Calculate the greatest common divisor of 42655 and 21103.
449
What is the g